4. What are the prime factors of 93/p + 3/(-12)?
23
Let p be 2/11 + (-62)/(-22). Let o be (4/(-8))/((-1)/66). Suppose o = p*f - 9. List the prime factors of f.
2, 7
Suppose -84 = -3*d - 3*w, -2*d + 33 = 3*w - 23. List the prime factors of d.
2, 7
Let k(h) = 21*h**2 - 11*h + 10. List the prime factors of k(4).
2, 151
Let o(z) be the first derivative of -z**2/2 - 5*z - 1. Suppose -2*x = -4 + 20. List the prime factors of o(x).
3
Let r(i) be the second derivative of -i**5/20 + 2*i**4/3 + i**3/3 - i**2 + 15*i. Let b = -19 + 27. List the prime factors of r(b).
2, 7
Let i be -3 + 3 + (-1 - -15). Let u = i + -8. What are the prime factors of u?
2, 3
Suppose 12 = -5*s + 3*s. Let r(v) = -v + 3. What are the prime factors of r(s)?
3
Suppose b - 3*s - 143 = 0, 5*b + 74 = 4*s + 811. What are the prime factors of b?
149
Let u be (-364)/18 + 2/9. Let i = u - -11. List the prime factors of i/3*24/(-9).
2
List the prime factors of ((-40)/5 + 4)*(-454)/8.
227
Suppose -5*f + 4*p - 145 = 0, -5*f + 3*p - 145 = -0*f. Let d = f - -43. List the prime factors of 4/10*(d + 1).
2, 3
Suppose 0 = 2*n + 3*n - 20. Suppose 4*d - 2*d = -3*v + n, 0 = 4*v + 3*d - 6. Suppose v*r = -r + 11. What are the prime factors of r?
11
Suppose -r + 13 = -2*k + 3*k, r = -5*k + 17. Let h be (4/3)/(8/r). What are the prime factors of 8/h*(-20)/(-16)?
5
What are the prime factors of 88 - (4/1 + 0)?
2, 3, 7
Suppose -5*x + 3*v + 1173 = 0, x = -v - 2*v + 249. List the prime factors of x.
3, 79
Let a = -5 + 4. Let o(s) = -16*s - 1. List the prime factors of o(a).
3, 5
Let y(q) be the first derivative of 8*q**3/3 + q**2/2 - 1. Suppose -3 = -p + 4*p. List the prime factors of y(p).
7
Suppose -4*l - 2 = -5*l. Suppose -3*p = -4*o - 2*p + 119, -148 = -5*o + l*p. List the prime factors of o.
2, 3, 5
Let z = 42 + -30. Suppose 48 = 5*y - z. List the prime factors of y.
2, 3
Suppose 16*i - 153 = 13*i. List the prime factors of i.
3, 17
Suppose -2*p - 358 = -4*j + 3*j, p + 1446 = 4*j. List the prime factors of j.
2, 181
Let s(r) = 14*r - 57. What are the prime factors of s(14)?
139
Let n = -1 + 223. List the prime factors of n.
2, 3, 37
Let t = 401 - 107. What are the prime factors of t?
2, 3, 7
Let s be -1*(-2)/(-1) - -2. Suppose s*o + 36 = 3*o. Let g = o + -6. List the prime factors of g.
2, 3
Let s be (12/10)/((-9)/(-30)). Suppose 2*r + r + s*v - 58 = 0, -3*r = -5*v - 49. List the prime factors of r.
2, 3
Let i(c) = 3*c + 2*c - 7 - c + 4. List the prime factors of i(10).
37
Suppose 8 = -5*q + 98. List the prime factors of q.
2, 3
Let l = 6 + -12. List the prime factors of (-23)/(-5) + l/10.
2
Suppose 0 = -q - q + 42. List the prime factors of q.
3, 7
Suppose -2 = -o + 1. Let n(p) = p - 2. Let r be n(o). Let u(w) = 5*w**2 + 1. What are the prime factors of u(r)?
2, 3
Suppose 2*h + 0 + 16 = -4*a, -5*a - 2*h - 20 = 0. What are the prime factors of 2*(-5 - a)*-29?
2, 29
Suppose 0 = -3*h - 4*g + 20, -5*h + g = -4*g - 45. Let c = h + -4. List the prime factors of c.
2
Suppose 52 = -92*q + 93*q. List the prime factors of q.
2, 13
Let f be 33/6 + 9/(-6). List the prime factors of 5*(-3 + 7)/f.
5
Let f(n) = -n**2 - 4*n + 8. Let x be f(-6). List the prime factors of (14 + x)*3/5.
2, 3
Let o = -5 - -3. Let l(u) = 2*u - 2. Let f be l(o). Let g = f - -10. List the prime factors of g.
2
Let k be (18/15)/((-2)/(-70)). Suppose k = 17*n - 16*n. List the prime factors of n.
2, 3, 7
Suppose 2*h = t + 14, 2*h - 3*t - 18 = -0*t. Suppose -2*f = -22 - 62. Suppose -l - h = -z, 4*z + 5*l - f = -0*z. What are the prime factors of z?
2
Suppose 11*b = 7*b + 96. Suppose 5*y = 4*w - 0*w - 48, b = 2*w - y. What are the prime factors of w?
2, 3
Let u be ((-2)/(-3))/(1/6). Suppose 21 = u*s - 27. List the prime factors of s.
2, 3
Let u = -6 + 7. Suppose 3*v + u = -3*d + 28, -2*v + 3*d = 7. What are the prime factors of v?
2
Suppose -4*q + 34 = -30. Suppose w + w - 4*o - q = 0, 4*o + 36 = 4*w. What are the prime factors of w?
2, 5
Let s(n) = -10*n - 2. Let f(u) = 10*u + 2. Let a(x) = 3*f(x) + 2*s(x). List the prime factors of a(2).
2, 11
Suppose -5*t + 0*t + 565 = 0. What are the prime factors of t?
113
Let z be (1 - 1 - 21)*-2. Suppose -32 = -n - 2*n - q, 0 = -4*n - 2*q + z. What are the prime factors of n?
11
Suppose 72 = 4*t - 4*m, 0 = 3*m + 3 - 18. List the prime factors of t.
23
Suppose 8*s - 80 = 3*s. Let r = 30 - s. List the prime factors of r.
2, 7
Suppose -3*u + 4*s = 2*u - 145, 116 = 4*u - 4*s. Suppose -26 = -2*v - r, -3*v = -6*v + r + u. What are the prime factors of v?
11
Suppose 2*m = -2*k + 98, 0 = -2*k + 5*m + 11 + 73. What are the prime factors of k?
47
What are the prime factors of (-3)/(5 + -2) + 51?
2, 5
Suppose 5*r + 20 = 0, 0 = s + s - 4*r - 20. What are the prime factors of (s + -1)*(5 + 2)?
7
Let i(g) = 15*g + 2. What are the prime factors of i(1)?
17
Let t(l) = l**2 - 5 + 4 - l**2 + 5*l**3. List the prime factors of t(1).
2
Suppose 3*j - 116 = -3*b - 8, -3*b = -2*j - 113. List the prime factors of b.
37
Suppose 0 = 4*a - 7*a - 3. Let d(l) = -27*l**3 + 2*l**2 + 2*l + 1. What are the prime factors of d(a)?
2, 7
Suppose -g = i + 6, 5*i + 22 = -2*g - g. Let z(q) = -4*q**2 + 7*q**2 + q + 0*q + q. What are the prime factors of z(i)?
2
Suppose -r + g + 4 = 2*r, 2*g + 2 = 3*r. Let o be 18 + (2 - 6 - -6). Suppose r*b - o = -6. What are the prime factors of b?
7
Let u = 13 + -10. What are the prime factors of (u - (4 - -3))*-3?
2, 3
Suppose 0 = -2*j - j. Let r(b) = b**3 + b + 31. What are the prime factors of r(j)?
31
Let o = -171 + 225. What are the prime factors of o?
2, 3
Let m(l) = -l**3 + 6*l**2 + 2*l + 4. List the prime factors of m(-4).
2, 3, 13
Suppose -372 = o - 3*o + 2*a, a + 5 = 0. List the prime factors of o.
181
Suppose -3*h = -2*z + 321, -2*z - 142 = 3*h - 433. List the prime factors of z.
3, 17
Let l be ((-6)/5)/((-2)/5). Suppose l*y - 39 = -3. List the prime factors of y.
2, 3
Suppose -v - 4 = v. What are the prime factors of 30/v*(-8)/5?
2, 3
Let n(l) be the third derivative of l**4/24 + 19*l**3/6 - 5*l**2. List the prime factors of n(-8).
11
Let d(b) = 2*b**2 - 8*b - 1. List the prime factors of d(-4).
3, 7
Suppose 7*j + 11*j = 2790. List the prime factors of j.
5, 31
Let s(n) = -n. Let j be s(-4). List the prime factors of 36/16 - 1/j.
2
Let r(o) = o**3 - 11*o**2 + 10*o + 3. Let s be r(10). Suppose -5 = 2*k - m, m - 14 = 2*k - s*m. List the prime factors of k/5 - (-122)/10.
2, 3
Let s(u) = u + 12. List the prime factors of s(6).
2, 3
Let i(u) = u**3 + 10*u**2 - 10*u - 11. List the prime factors of i(-7).
2, 103
Suppose 0 = 2*w + 4*t + 24, -4 = -w + 4*w - 2*t. Let k = w - -7. Let q = 4 + k. What are the prime factors of q?
7
Suppose c = 2*c - 12. Suppose 0*i + 2*i = c. Let o = i + 4. List the prime factors of o.
2, 5
Let a be (27/(-45))/(1/(-15)). Suppose 145 = -4*r + a*r. List the prime factors of r.
29
Let p = -3 + 3. Let a be (-1 - -2)*(-1 - p). List the prime factors of (8 - (0 + a))*1.
3
Suppose 3*a + 48 = 213. What are the prime factors of a?
5, 11
Suppose -2*y = -71 - 11. List the prime factors of y.
41
Let h = -69 + 172. What are the prime factors of h?
103
Let u(r) = -26*r**2 - 1. Let j be u(-1). What are the prime factors of (-6)/j + 1295/45?
29
Suppose 2*n + 3*q - 7 = 0, 0 = 4*n + q - 9 - 10. Suppose -g = 2*y - 48, 7*y - 3*y = -n*g + 102. List the prime factors of y.
23
Let c(j) = 4*j**2 - j + 1. Let f(g) = 17*g**2 - 5*g + 5. Let d(w) = 9*c(w) - 2*f(w). What are the prime factors of d(1)?
2
Let c = 296 + -209. What are the prime factors of c?
3, 29
Suppose -5*d + d - 60 = 0. Let p = -9 - d. What are the prime factors of p?
2, 3
Suppose u - 2 = -0*u. Suppose -s + 2*s = u. What are the prime factors of s?
2
Let s = 9 + -17. List the prime factors of 3 - 2 - (0 + s).
3
Suppose j + 3*n = -2*n - 13, -75 = 3*j + 3*n. Let m = -11 - j. List the prime factors of m.
17
Let k(v) = v - 4. What are the prime factors of k(7)?
3
Suppose o = -1 + 9. Let a be o/((-15)/(-6) - 2). Suppose 3*b = a - 1. List the prime factors of b.
5
Let t(v) = v**2 - 12*v - 20. List the prime factors of t(16).
2, 11
Let u = -5 - -12. Let l = u + -5. What are the prime factors of l?
2
What are the prime factors of -1 + -2 + 10 + 3?
2, 5
Suppose 0 = -5*u - b + 824, 3*u = u - 3*b + 327. What are the prime factors of u?
3, 5, 11
L